{"id":175,"date":"2024-06-09T08:18:59","date_gmt":"2024-06-09T06:18:59","guid":{"rendered":"http:\/\/careox-demo.local\/?page_id=175"},"modified":"2024-11-20T03:13:37","modified_gmt":"2024-11-20T01:13:37","slug":"despre-noi","status":"publish","type":"page","link":"https:\/\/tvd.ro\/eurocarta\/despre-noi\/","title":{"rendered":"Despre Noi"},"content":{"rendered":"\t\t<div data-elementor-type=\"wp-page\" data-elementor-id=\"175\" class=\"elementor elementor-175\">\n\t\t\t\t<div class=\"elementor-element elementor-element-3e2d6be e-con-full e-flex e-con e-parent\" data-id=\"3e2d6be\" data-element_type=\"container\">\n\t\t\t\t<div class=\"elementor-element elementor-element-9510cf0 elementor-widget elementor-widget-careox-team\" data-id=\"9510cf0\" data-element_type=\"widget\" data-widget_type=\"careox-team.default\">\n\t\t\t\t<div class=\"elementor-widget-container\">\n\t\t\t\t<section class=\"team-details\">\r\n\t\t<div class=\"container\">\r\n\t\t\t<div class=\"row gutter-y-60\">\r\n\t\t\t\t<div class=\"col-lg-5\">\r\n\t\t\t\t\t<div class=\"team-details__image\">\r\n\t\t\t\t\t\t<img decoding=\"async\" src=\"https:\/\/tvd.ro\/eurocarta\/wp-content\/uploads\/IMG_9146-scaled-e1731887176466.jpg\" alt=\"IMG_9146\" title=\"IMG_9146\" >\t\t\t\t\t<\/div><!-- \/.team-details__image -->\r\n\t\t\t\t<\/div><!-- \/.col-lg-6 -->\r\n\t\t\t\t<div class=\"col-lg-7\">\r\n\t\t\t\t\t<div class=\"team-details__content\">\r\n\t\t\t\t\t\t<h3 class=\"team-details__title\">Asocia\u021bia EUROCARTA<\/h3><!-- \/.team-details__title -->\r\n\t\t\t\t\t\t<div class=\"team-details__designation\">Asocia\u021bie pentru Integrare European\u0103<\/div>\r\n\t\t\t\t\t\t<!-- \/.team-details__designation -->\r\n\t\t\t\t\t\t<div class=\"team-details__social\">\r\n\t\t\t\t\t\t\t\t\t\t\t\t\t\t\t<a href=\"https:\/\/www.facebook.com\/eurocartabrasov\"   style=\"--accent-color: #ffa415;\">\r\n\t\t\t\t\t\t\t\t\t<i aria-hidden=\"true\" class=\"fab fa-facebook-f\"><\/i>\t\t\t\t\t\t\t\t<\/a>\r\n\t\t\t\t\t\t\t\t\t\t\t\t\t<\/div><!-- \/.team-details__social -->\r\n\t\t\t\t\t\t<div class=\"team-details__text\">\r\n\t\t\t\t\t\t\t<br>\nAsocia\u021bia EUROCARTA este o organiza\u021bie non-profit din ora\u0219ul Bra\u0219ov. \u00cempreun\u0103 cu echipa, voluntarii \u0219i sus\u021bin\u0103torii no\u0219tri, ne propunem s\u0103 contribuim la educa\u021bia copiilor \u0219i tinerilor din Rom\u00e2nia.\nAsocia\u021bia EUROCARTA ini\u021biaz\u0103, dezvolt\u0103 \u0219i promoveaz\u0103 instrumente \u0219i resurse care s\u0103 contribuie la o bun\u0103 \u00een\u021belegere a drepturilor \u0219i responsabilit\u0103\u021bilor copiilor. \n<br><br>\nPrincipalele obiective ale Asocia\u021biei EUROCARTA sunt:\n\t\t\t\t\t\t<\/div>\r\n\t\t\t\t\t\t<!-- \/.team-details__text -->\r\n\t\t\t\t\t\t<ul class=\"list-unstyled team-details__list ml-0\">\r\n\t\t\t\t\t\t\t\t\t\t\t\t\t\t\t<li>\r\n\t\t\t\t\t\t\t\t\t<i aria-hidden=\"true\" class=\"icofont-check-circled\"><\/i>\t\t\t\t\t\t\t\t\tpromovarea \u0219i implementarea drepturilor \u0219i responsabilit\u0103\u021bilor copilului\t\t\t\t\t\t\t\t<\/li>\r\n\t\t\t\t\t\t\t\t\t\t\t\t\t\t\t<li>\r\n\t\t\t\t\t\t\t\t\t<i aria-hidden=\"true\" class=\"icofont-check-circled\"><\/i>\t\t\t\t\t\t\t\t\tsprijinirea afirm\u0103rii principiilor democra\u021biei \u0219i drepturilor omului \u00een societatea rom\u00e2neasc\u0103\t\t\t\t\t\t\t\t<\/li>\r\n\t\t\t\t\t\t\t\t\t\t\t\t\t\t\t<li>\r\n\t\t\t\t\t\t\t\t\t<i aria-hidden=\"true\" class=\"icofont-check-circled\"><\/i>\t\t\t\t\t\t\t\t\tdezvoltarea de servicii \u00een beneficiul comunit\u0103\u021bii\t\t\t\t\t\t\t\t<\/li>\r\n\t\t\t\t\t\t\t\t\t\t\t\t\t<\/ul><!-- \/.list-unstyled team-details__list -->\r\n\t\t\t\t\t\t\t\t\t\t\t<\/div><!-- \/.team-details__content -->\r\n\r\n\t\t\t\t<\/div><!-- \/.col-lg-6 -->\r\n\t\t\t<\/div><!-- \/.row -->\r\n\t\t<\/div><!-- \/.container -->\r\n\t<\/section><!-- \/.team-details -->\r\n\t\t<\/div>\n\t\t\t\t<\/div>\n\t\t\t\t<\/div>\n\t\t<div class=\"elementor-element elementor-element-f806736 e-grid e-con-boxed e-con e-parent\" data-id=\"f806736\" data-element_type=\"container\">\n\t\t\t\t\t<div class=\"e-con-inner\">\n\t\t\t\t<div class=\"elementor-element elementor-element-765c416 elementor-widget elementor-widget-text-editor\" data-id=\"765c416\" data-element_type=\"widget\" data-widget_type=\"text-editor.default\">\n\t\t\t\t<div class=\"elementor-widget-container\">\n\t\t\t\t\t\t\t<p>Am pus bazele Asocia\u021biei EUROCARTA \u00een anul 2003 \u0219i am realizat cu pasiune \u0219i responsabilitate, proiecte care au contribuit la dob\u00e2ndirea de cuno\u0219tin\u021be \u0219i experien\u021be valoroase pentru copii, tineri \u0219i profesioni\u0219ti \u00een domeniul drepturilor copiilor.<\/p><p>Asocia\u021bia EUROCARTA a dezvoltat de-a lungul timpului numeroase programe \u0219i proiecte interactive. Ne-au sprijinit: Ambasada Regatului \u021a\u0103rilor de Jos, Ministerul Afacerilor Externe din Regatul \u021a\u0103rilor de Jos, &#8220;Universitatea Utrecht&#8221; Defence for Children International, Slow Food International, Palamari\u2019s Cultural Center, Hornbach, Reinert, DaciaPlant, Carrefour, Compania Na\u021bional\u0103 Loteria Rom\u00e2n\u0103, Compania Perutnina. Rezultatele noastre sunt recunoscute la nivelul comunit\u0103\u021bii bra\u0219ovene, la nivel na\u021bional \u0219i interna\u021bional.<\/p>\t\t\t\t\t\t<\/div>\n\t\t\t\t<\/div>\n\t\t\t\t<div class=\"elementor-element elementor-element-4711b6f elementor-widget elementor-widget-text-editor\" data-id=\"4711b6f\" data-element_type=\"widget\" data-widget_type=\"text-editor.default\">\n\t\t\t\t<div class=\"elementor-widget-container\">\n\t\t\t\t\t\t\t<p><strong>Asocia\u021bia EUROCARTA &#8211; Asocia\u021bie pentru Integrare Europeana<\/strong><br \/>Str. 13 Decembrie Nr. 17, Bra\u0219ov<br \/>Cod de \u00cenregistrare Fiscal\u0103: 15435186<br \/>Tel.: 0723 65 60 24<br \/>E-mail: contact@can.ro<\/p><p>\u00cenfiin\u0163at\u00e3 prin decizie civil\u00e3 nr. 495\/16.05.2003 a Judec\u00e3toriei Bra\u0219ov.<br \/>Autoriza\u021bie HOT 4802\/22.04.2003, 30-1\/676L.<\/p>\t\t\t\t\t\t<\/div>\n\t\t\t\t<\/div>\n\t\t\t\t\t<\/div>\n\t\t\t\t<\/div>\n\t\t<div class=\"elementor-element elementor-element-5df34b46 e-con-full e-flex e-con e-parent\" data-id=\"5df34b46\" data-element_type=\"container\">\n\t\t\t\t<div class=\"elementor-element elementor-element-3b6ac1f1 elementor-widget elementor-widget-careox-call-to-action\" data-id=\"3b6ac1f1\" data-element_type=\"widget\" data-widget_type=\"careox-call-to-action.default\">\n\t\t\t\t<div class=\"elementor-widget-container\">\n\t\t\t\t<section class=\"cta-two\">\r\n\t\t<div class=\"cta-two__shape\" style=\"background-image: url(https:\/\/tvd.ro\/eurocarta\/wp-content\/uploads\/2024\/06\/cta-2-shape-1.png);\"><\/div>\r\n\t\t<div class=\"container\">\r\n\t\t\t<div class=\"row\">\r\n\t\t\t\t<div class=\"col-md-7\">\r\n\t\t\t\t\t\t\t\t\t\t\t<div class=\"sec-title text-left\">\r\n\t\t\t\t\t\t\t\t\t\t\t\t\t\t\t<h6 class=\"sec-title__tagline bw-split-in-right\"><span class=\"sec-title__tagline__border\"><\/span>VOLUNTARIAT<\/h6><!-- \/.sec-title__tagline -->\r\n\t\t\t\t\t\t\t\t\t\t\t\t\t\t\t\t\t\t\t\t\t\t<h3 class=\"sec-title__title bw-split-in-left\">Let\u2019s Make a Difference<\/h3><!-- \/.sec-title__title -->\r\n\t\t\t\t\t\t\t\t\t\t\t\t\t<\/div><!-- \/.sec-title -->\r\n\t\t\t\t\t\t\t\t\t<\/div>\r\n\t\t\t\t<div class=\"col-md-5\">\r\n\t\t\t\t\t<div class=\"cta-two__button\">\r\n\t\t\t\t\t\t<img decoding=\"async\" src=\"https:\/\/tvd.ro\/eurocarta\/wp-content\/uploads\/2024\/06\/arrow-1.png\" alt=\"alt\" title=\"arrow-1\" >\t\t\t\t\t\t\t\t\t\t\t\t\t<a href=\"https:\/\/tvd.ro\/eurocarta\/become-a-volunteer\/\"  class=\"careox-btn\"><span>Hai \u00een echipa noastr\u0103!<\/span><\/a>\r\n\t\t\t\t\t\t\t\t\t\t\t<\/div>\r\n\t\t\t\t<\/div>\r\n\t\t\t<\/div>\r\n\t\t<\/div><!-- \/.container -->\r\n\t<\/section><!-- \/.cta-two -->\r\n\t\t<\/div>\n\t\t\t\t<\/div>\n\t\t\t\t<\/div>\n\t\t\t\t<\/div>\n\t\t","protected":false},"excerpt":{"rendered":"<p>Asocia\u021bia EUROCARTA Asocia\u021bie pentru Integrare European\u0103 Asocia\u021bia EUROCARTA este o organiza\u021bie non-profit din ora\u0219ul Bra\u0219ov. \u00cempreun\u0103 cu echipa, voluntarii \u0219i sus\u021bin\u0103torii no\u0219tri, ne propunem s\u0103 contribuim la educa\u021bia copiilor \u0219i tinerilor din Rom\u00e2nia. Asocia\u021bia EUROCARTA ini\u021biaz\u0103, dezvolt\u0103 \u0219i promoveaz\u0103 instrumente \u0219i resurse care s\u0103 contribuie la o bun\u0103 \u00een\u021belegere a drepturilor \u0219i responsabilit\u0103\u021bilor copiilor. Principalele [&hellip;]<\/p>\n","protected":false},"author":1,"featured_media":0,"parent":0,"menu_order":0,"comment_status":"closed","ping_status":"closed","template":"elementor_header_footer","meta":{"inline_featured_image":false,"footnotes":""},"class_list":["post-175","page","type-page","status-publish","hentry"],"_links":{"self":[{"href":"https:\/\/tvd.ro\/eurocarta\/wp-json\/wp\/v2\/pages\/175","targetHints":{"allow":["GET"]}}],"collection":[{"href":"https:\/\/tvd.ro\/eurocarta\/wp-json\/wp\/v2\/pages"}],"about":[{"href":"https:\/\/tvd.ro\/eurocarta\/wp-json\/wp\/v2\/types\/page"}],"author":[{"embeddable":true,"href":"https:\/\/tvd.ro\/eurocarta\/wp-json\/wp\/v2\/users\/1"}],"replies":[{"embeddable":true,"href":"https:\/\/tvd.ro\/eurocarta\/wp-json\/wp\/v2\/comments?post=175"}],"version-history":[{"count":23,"href":"https:\/\/tvd.ro\/eurocarta\/wp-json\/wp\/v2\/pages\/175\/revisions"}],"predecessor-version":[{"id":2400,"href":"https:\/\/tvd.ro\/eurocarta\/wp-json\/wp\/v2\/pages\/175\/revisions\/2400"}],"wp:attachment":[{"href":"https:\/\/tvd.ro\/eurocarta\/wp-json\/wp\/v2\/media?parent=175"}],"curies":[{"name":"wp","href":"https:\/\/api.w.org\/{rel}","templated":true}]}}